{"id":2401,"date":"2018-04-09T21:32:27","date_gmt":"2018-04-09T19:32:27","guid":{"rendered":"http:\/\/www.tarimadeck.com\/blog\/?page_id=2401"},"modified":"2025-02-07T09:56:47","modified_gmt":"2025-02-07T07:56:47","slug":"tarima-de-exterior-sintetica","status":"publish","type":"page","link":"https:\/\/www.tarimadeck.com\/blog\/tarima-de-exterior-sintetica","title":{"rendered":"Tarima de exterior sintetica"},"content":{"rendered":"\n<p>Tarimadeck importa <strong>tarima de exterior sint\u00e9tica<\/strong> desde 2008, La Tarima de exterior WPC (de sus siglas en ingl\u00e9s, Wood Plastic Composite) es un material t\u00e9cnico e innovador compuesto por fibras naturales de madera recuperadas , pol\u00edmeros reciclados de alta calidad y un porcentaje de agentes acoplantes y estabilizantes. <br><br>Nuestra\u00a0<strong>tarima sintetica de exterior<\/strong>\u00a0no se agrieta ni se astilla, no es atacada por insectos o bacterias, No necesita lijados, ni precisa mantenimiento, Tiene Gran resistencia a la humedad, al agua y al sol. Permite una\u00a0<strong>instalaci\u00f3n f\u00e1cil y r\u00e1pida\u00a0<\/strong>.<br><br>Entre las tarimas sint\u00e9ticas hay varias modalidades y calidades:<\/p>\n\n\n\n<h2 class=\"wp-block-heading\">Tarima de exterior sint\u00e9tica alveolar hueca<\/h2>\n\n\n\n<p>* la <strong>tarima alveolar hueca<\/strong>, (la mas econ\u00f3mica de todas) tiene forma de ladrillo y esta compuesta por resinas de pvc y part\u00edculas de madera, este tipo de producto tiene un mantenimiento pr\u00e1cticamente nulo y varios colores y texturas a escoger.<\/p>\n\n\n<div class=\"wp-block-image\">\n<figure class=\"aligncenter size-full\"><img loading=\"lazy\" decoding=\"async\" width=\"600\" height=\"450\" src=\"https:\/\/www.tarimadeck.com\/blog\/wp-content\/uploads\/Colores-Ventilada.jpg\" alt=\"Tarima de exterior sintetica alveolar\" class=\"wp-image-3251\"\/><figcaption class=\"wp-element-caption\">Tarima alveolar<\/figcaption><\/figure><\/div>\n\n\n<h2 class=\"wp-block-heading\">Tarima de exterior sint\u00e9tica maciza<\/h2>\n\n\n\n<p>* la <strong>tarima sintetica maciza<\/strong>, tambi\u00e9n esta compuesta por resinas de PVC y part\u00edculas de madera, la ventaja con la anterior es su gran solidez y mayor durabilidad (al ser maciza es mucho mas solida y duradera), este tipo de producto tiene un mantenimiento pr\u00e1cticamente nulo y varios colores y texturas a escoger.<\/p>\n\n\n<div class=\"wp-block-image\">\n<figure class=\"aligncenter size-full\"><img loading=\"lazy\" decoding=\"async\" width=\"600\" height=\"450\" src=\"https:\/\/www.tarimadeck.com\/blog\/wp-content\/uploads\/colores-maciza-2.jpg\" alt=\"Tarima de exterior sintetica maciza\" class=\"wp-image-3265\"\/><figcaption class=\"wp-element-caption\">Tarima Maciza clasica<\/figcaption><\/figure><\/div>\n\n\n<h2 class=\"wp-block-heading\">Tarima de exterior sint\u00e9tica encapsulada<\/h2>\n\n\n\n<p>*La <a href=\"https:\/\/www.tarimadeck.com\/blog\/tarima-de-exterior-encapsulada\"><strong>tarima sintetica encapsulada<\/strong><\/a>, tiene un n\u00facleo de PVC que le da una gran solidez estructural y un revestimiento exterior (encapsulado) que la protege de las inclemencias del tiempo y de la suciedad. Son resistentes a las manchas y gracias a su protecci\u00f3n exterior evita as\u00ed que penetre el agua, los rayos UV y los xilofagos.<\/p>\n\n\n\n<p>Son impermeables y con un acabado veteado que imita a la madera con varios tonos de madera distintos a escoger.<br>Hay varios tipos de encapsulados, el mas duradero es el denominado 360\u00ba (360 grados) que envuelve \u00edntegramente la lama incluidas las hembras donde se alojan las grapas de fijaci\u00f3n (nuestra tarima encapsulada es 360\u00ba).<\/p>\n\n\n<div class=\"wp-block-image\">\n<figure class=\"aligncenter size-full\"><img loading=\"lazy\" decoding=\"async\" width=\"600\" height=\"450\" src=\"https:\/\/www.tarimadeck.com\/blog\/wp-content\/uploads\/Tarima-Composite-Encapsulada-1.jpg\" alt=\"Tarima de exterior sintetica encapsulada\" class=\"wp-image-3255\"\/><figcaption class=\"wp-element-caption\">Tarima encapsulada clasica<\/figcaption><\/figure><\/div>\n\n\n<p>Un buen suelo de <strong>tarima de exterior sint\u00e9tica<\/strong> es una de las partes mas importantes en cualquier proyecto de paisajismo o decoraci\u00f3n. Al igual que una obra de arte, es uno de esos elementos de dise\u00f1o que da un car\u00e1cter distintivo a su entorno.<\/p>\n\n\n\n<p>Nuestro material se presenta en lamas largas y diferentes medidas seg\u00fan la superficie a cubrir. Hay varios colores y texturas a escoger, los cuales vienen de f\u00e1brica por lo que no es necesario volver a pintar o barnizar, ni tratar con ning\u00fan producto espec\u00edfico. Su mantenimiento es nulo, y permanece siempre impecable.<\/p>\n\n\n\n<h2 class=\"wp-block-heading\">Tarima sintetica Maciza Dream<\/h2>\n\n\n\n<p>Estos son nuestros nuevos modelos de&nbsp;<strong>tarima de exterior sintetica&nbsp;Maciza<\/strong>, ( <strong>Dream blue, dream green y dream purple<\/strong> ) con una paleta de colores vivos y refrescantes, innovadores y vanguardistas, que sin duda <strong>te van a enamorar<\/strong>, El dise\u00f1o de&nbsp;la gama Dream&nbsp;nos ofrece una paleta contempor\u00e1nea de colores apasionantes, vivos y capaces de convertir el proyecto m\u00e1s atrevido en una&nbsp;<strong>explosi\u00f3n crom\u00e1tica inolvidable.<\/strong><\/p>\n\n\n\n<figure class=\"wp-block-gallery has-nested-images columns-default is-cropped wp-block-gallery-1 is-layout-flex wp-block-gallery-is-layout-flex\">\n<figure class=\"wp-block-image size-large\"><img loading=\"lazy\" decoding=\"async\" width=\"769\" height=\"1024\" data-id=\"3254\" src=\"https:\/\/www.tarimadeck.com\/blog\/wp-content\/uploads\/2021-06-03_17-39-02_754-769x1024.jpg\" alt=\"\" class=\"wp-image-3254\" srcset=\"https:\/\/www.tarimadeck.com\/blog\/wp-content\/uploads\/2021-06-03_17-39-02_754-769x1024.jpg 769w, https:\/\/www.tarimadeck.com\/blog\/wp-content\/uploads\/2021-06-03_17-39-02_754-451x600.jpg 451w, https:\/\/www.tarimadeck.com\/blog\/wp-content\/uploads\/2021-06-03_17-39-02_754-1153x1536.jpg 1153w, https:\/\/www.tarimadeck.com\/blog\/wp-content\/uploads\/2021-06-03_17-39-02_754-1538x2048.jpg 1538w, https:\/\/www.tarimadeck.com\/blog\/wp-content\/uploads\/2021-06-03_17-39-02_754-scaled.jpg 1922w\" sizes=\"auto, (max-width: 769px) 100vw, 769px\" \/><\/figure>\n\n\n\n<figure class=\"wp-block-image size-large\"><img loading=\"lazy\" decoding=\"async\" width=\"769\" height=\"1024\" data-id=\"3252\" src=\"https:\/\/www.tarimadeck.com\/blog\/wp-content\/uploads\/2021-06-03_17-39-03_970-769x1024.jpg\" alt=\"\" class=\"wp-image-3252\" srcset=\"https:\/\/www.tarimadeck.com\/blog\/wp-content\/uploads\/2021-06-03_17-39-03_970-769x1024.jpg 769w, https:\/\/www.tarimadeck.com\/blog\/wp-content\/uploads\/2021-06-03_17-39-03_970-451x600.jpg 451w, https:\/\/www.tarimadeck.com\/blog\/wp-content\/uploads\/2021-06-03_17-39-03_970-1153x1536.jpg 1153w, https:\/\/www.tarimadeck.com\/blog\/wp-content\/uploads\/2021-06-03_17-39-03_970-1538x2048.jpg 1538w, https:\/\/www.tarimadeck.com\/blog\/wp-content\/uploads\/2021-06-03_17-39-03_970-scaled.jpg 1922w\" sizes=\"auto, (max-width: 769px) 100vw, 769px\" \/><\/figure>\n\n\n\n<figure class=\"wp-block-image size-large\"><img loading=\"lazy\" decoding=\"async\" width=\"769\" height=\"1024\" data-id=\"3253\" src=\"https:\/\/www.tarimadeck.com\/blog\/wp-content\/uploads\/2021-06-03_17-39-05_191-769x1024.jpg\" alt=\"\" class=\"wp-image-3253\" srcset=\"https:\/\/www.tarimadeck.com\/blog\/wp-content\/uploads\/2021-06-03_17-39-05_191-769x1024.jpg 769w, https:\/\/www.tarimadeck.com\/blog\/wp-content\/uploads\/2021-06-03_17-39-05_191-451x600.jpg 451w, https:\/\/www.tarimadeck.com\/blog\/wp-content\/uploads\/2021-06-03_17-39-05_191-1153x1536.jpg 1153w, https:\/\/www.tarimadeck.com\/blog\/wp-content\/uploads\/2021-06-03_17-39-05_191-1538x2048.jpg 1538w, https:\/\/www.tarimadeck.com\/blog\/wp-content\/uploads\/2021-06-03_17-39-05_191-scaled.jpg 1922w\" sizes=\"auto, (max-width: 769px) 100vw, 769px\" \/><\/figure>\n<\/figure>\n\n\n\n<p>&#8211;<\/p>\n\n\n\n<h2 class=\"wp-block-heading\">Tarima Encapsulada Maciza<\/h2>\n\n\n\n<p>Nuestra <a href=\"https:\/\/www.tarimadeck.com\/blog\/tarima-encapsulada-maciza-vs-encapsulada-tradicional\" title=\"\">tarima encapsulada maciza<\/a> est\u00e1 construida sin los agujeros internos de las tarimas encapsuladas tradicionales que las debilitan y merman su calidad y durabilidad. Esta estructura s\u00f3lida proporciona&nbsp;<strong>mayor durabilidad<\/strong>&nbsp;y&nbsp;<strong>resistencia<\/strong>.<\/p>\n\n\n\n<h3 class=\"wp-block-heading\"><strong>Ventajas de nuestras tarimas encapsuladas macizas:<\/strong><\/h3>\n\n\n\n<ol class=\"wp-block-list\">\n<li><strong>Durabilidad Extrema:<\/strong> Nuestras tarimas, sin agujeros internos, son mucho m\u00e1s resistentes a la presi\u00f3n, condensaci\u00f3n, congelaci\u00f3n y desgaste.<\/li>\n\n\n\n<li><strong>Antideslizantes:<\/strong> Ideales para \u00e1reas cercanas a piscinas, ofrecen una superficie m\u00e1s antideslizante que otras tarimas, mejorando la seguridad.<\/li>\n\n\n\n<li><strong>Instalaci\u00f3n Sencilla:<\/strong> Su estructura s\u00f3lida permite una instalaci\u00f3n r\u00e1pida y sin complicaciones.<\/li>\n\n\n\n<li><strong>Resistencia Clim\u00e1tica:<\/strong> Totalmente encapsuladas, est\u00e1n protegidas contra la humedad, los rayos UV y otros factores clim\u00e1ticos.<\/li>\n\n\n\n<li><strong>Variedad Est\u00e9tica:<\/strong> Disponibles en una amplia gama de colores y texturas, imitan la madera natural sin requerir mantenimiento.<\/li>\n<\/ol>\n\n\n<div class=\"wp-block-image\">\n<figure class=\"aligncenter size-full\"><img loading=\"lazy\" decoding=\"async\" width=\"600\" height=\"450\" src=\"https:\/\/www.tarimadeck.com\/blog\/wp-content\/uploads\/tarima-encapsulada-maciza-1.jpg\" alt=\"Tarima sint\u00e9tica encapsulada maciza\" class=\"wp-image-3250\"\/><figcaption class=\"wp-element-caption\">Tarima encapsulada maciza<\/figcaption><\/figure><\/div>\n\n\n<h3 class=\"wp-block-heading\"><strong>Utilizaci\u00f3n<\/strong> <strong>de las tarimas de exterior sinteticas<\/strong><\/h3>\n\n\n\n<p>La instalaci\u00f3n de <a href=\"http:\/\/www.tarimadeck.com\/blog\/tarima-de-exterior-sintetica-para-jardines\">Tarima de exterior sint\u00e9tica para jardines<\/a>, piscinas y todo tipo de terrazas es sin duda la mas recomendable por motivos obvios: es sencilla de instalar, las herramientas necesarias son las habituales, su apariencia es c\u00e1lida, segura, no produce astillas y presenta un acabado impecable duradero en el tiempo sin costes adicionales de mantenimiento.<\/p>\n\n\n\n<p>Con la <a href=\"http:\/\/www.tarimadeck.com\/blog\/tarima-de-exterior-sintetica-para-terrazas\">Tarima sint\u00e9tica para terrazas<\/a> se pueden fabricar diferentes perfiles para distintas aplicaciones, ( todas ellas especialmente dise\u00f1adas para jardines, terrazas y piscinas ): tarimas de exterior, baldosas para jard\u00edn, revestimiento de paredes, cerramientos de parcelas, jardineras, bancos, rastreles y elementos de terminaci\u00f3n.<\/p>\n\n\n\n<p>Es un material que se integra y conserva la armon\u00eda del paisaje. Es apta para cualquier espacio del jard\u00edn, terraza o alrededor de piscinas y puede mantenerse f\u00e1cilmente a lo largo de los a\u00f1os.<\/p>\n\n\n\n<p>Nosotros aconsejamos la instalaci\u00f3n de la <a href=\"http:\/\/www.tarimadeck.com\/blog\/tarima-tecnologica-encapsulada-de-exterior\">tarima tecnol\u00f3gica encapsulada<\/a> en lugares en los que por su alto transito (como hoteles, spas, calles, jardines,\u2026) la fortaleza de este material es una ventaja sobre la madera de exterior, que sumada a la ventaja de no tener que hacer los mantenimientos trimestrales necesarios en la madera la hacen muy superior.<\/p>\n\n\n<div class=\"wp-block-image\">\n<figure class=\"aligncenter\"><img loading=\"lazy\" decoding=\"async\" width=\"600\" height=\"447\" src=\"http:\/\/www.tarimadeck.com\/blog\/wp-content\/uploads\/Tarima-de-madera-exterior-sin-mantenimiento-600x447.jpg\" alt=\"Tarima de madera exterior sin mantenimiento\" class=\"wp-image-2324\" title=\"Tarima de madera exterior sin mantenimiento\" srcset=\"https:\/\/www.tarimadeck.com\/blog\/wp-content\/uploads\/Tarima-de-madera-exterior-sin-mantenimiento-600x447.jpg 600w, https:\/\/www.tarimadeck.com\/blog\/wp-content\/uploads\/Tarima-de-madera-exterior-sin-mantenimiento-300x223.jpg 300w, https:\/\/www.tarimadeck.com\/blog\/wp-content\/uploads\/Tarima-de-madera-exterior-sin-mantenimiento-624x465.jpg 624w, https:\/\/www.tarimadeck.com\/blog\/wp-content\/uploads\/Tarima-de-madera-exterior-sin-mantenimiento.jpg 940w\" sizes=\"auto, (max-width: 600px) 100vw, 600px\" \/><figcaption class=\"wp-element-caption\">&#8211;<\/figcaption><\/figure><\/div>\n\n\n<h3 class=\"wp-block-heading\"><strong>Ventajas<\/strong> de las tarimas de exterior<\/h3>\n\n\n\n<p>Las principales ventajas de nuestras tarimas son:<\/p>\n\n\n\n<p>\u2013 Alta durabilidad, sin barnices, pinturas o aceites.<br>\u2013 Producto con gran variedad de tonalidades<br>\u2013 Gran resistencia a las inclemencias del tiempo.<br>\u2013 Colores duraderos y estables.<br>\u2013 Aspecto natural.<br>\u2013 No se agrieta ni se astilla con un alt\u00edsimo componente antideslizante.<br>\u2013 Sistema de instalaci\u00f3n sencillo.<br>\u2013 Respetuoso con el medio ambiente.<\/p>\n\n\n\n<p>Estas propiedades, respecto a la madera hacen que este tipo de materiales sean susceptibles de ser empleados en aplicaciones de mayor exigencia, principalmente en exteriores con climatolog\u00eda extrema (piscinas, jardines y terrazas de todo tipo, donde la madera tradicional sufre mas y hay que tratarla a menudo para que no se estropee.<\/p>\n\n\n\n<p>Al tratarse de un material sint\u00e9tico es muy ventajoso para exterior, tambi\u00e9n si lo que se quieres es crear un ambiente c\u00e1lido y confortable que conserve la armon\u00eda del paisaje, libre de mantenimiento y con una vida \u00fatil mucho mayor que la madera natural y sin mantenimiento.<\/p>\n\n\n\n<p>Por su composici\u00f3n de materias primas recicladas \u2013 se evita la tala indiscriminada de \u00e1rboles- y bajo mantenimiento, nuestra <a href=\"http:\/\/www.tarimadeck.com\/blog\/tarima-de-madera-exterior-sin-mantenimiento\">Tarima de madera exterior sin mantenimiento<\/a> es la alternativa m\u00e1s duradera y ecol\u00f3gica que existe a la madera tradicional.<\/p>\n\n\n\n<p>Su apariencia es natural, original, colorida y variada como la de las maderas duras tropicales, que son mas costosas y dif\u00edciles de cuidar. Otra ventaja de la tarima de exterior sint\u00e9tica es que no pierde su color a lo largo del tiempo, mantiene un color uniforme, adem\u00e1s no contiene conservantes ni productos qu\u00edmicos como los utilizados para proteger las maderas tropicales.<\/p>\n\n\n<div class=\"wp-block-image\">\n<figure class=\"aligncenter\"><img loading=\"lazy\" decoding=\"async\" width=\"600\" height=\"450\" src=\"http:\/\/www.tarimadeck.com\/blog\/wp-content\/uploads\/IMG_5425-600x450.jpg\" alt=\"Tarima sintetica encapsulada\" class=\"wp-image-2363\" title=\"Tarima sintetica encapsulada\" srcset=\"https:\/\/www.tarimadeck.com\/blog\/wp-content\/uploads\/IMG_5425-600x450.jpg 600w, https:\/\/www.tarimadeck.com\/blog\/wp-content\/uploads\/IMG_5425-300x225.jpg 300w, https:\/\/www.tarimadeck.com\/blog\/wp-content\/uploads\/IMG_5425-1024x768.jpg 1024w, https:\/\/www.tarimadeck.com\/blog\/wp-content\/uploads\/IMG_5425-624x468.jpg 624w\" sizes=\"auto, (max-width: 600px) 100vw, 600px\" \/><figcaption class=\"wp-element-caption\">&#8211;<\/figcaption><\/figure><\/div>\n\n\n<p><strong>Tarimadeck <\/strong>ofrece los productos m\u00e1s selectos en tarima y parquet de interior y exterior; ya sea en madera natural, tarimas de gran formato, <a href=\"http:\/\/www.tarimadeck.com\/blog\/tarima-de-exterior-sintetica-para-piscinas\">Tarima de exterior sint\u00e9tica para piscinas<\/a>, <strong>Madera para exterior sin mantenimiento<\/strong>, <strong>tarima de exterior<\/strong>, todos ellos provenientes de los m\u00e1s prestigiosos fabricantes del sector como Schotten &amp; Hansen, Surco, Fiberon,\u2026<\/p>\n\n\n\n<p>Tambi\u00e9n ponemos a vuestra disposici\u00f3n nuestros servicios de instalaci\u00f3n de tarima y parquet, limpieza y restauraci\u00f3n de pavimentos de madera natural, as\u00ed como nuestros servicios de asesoramiento t\u00e9cnico.<\/p>\n\n\n<div class=\"wp-block-image\">\n<figure class=\"aligncenter\"><img loading=\"lazy\" decoding=\"async\" width=\"600\" height=\"447\" src=\"http:\/\/www.tarimadeck.com\/blog\/wp-content\/uploads\/Madera-para-exterior-sin-mantenimiento-600x447.jpg\" alt=\"Madera para exterior sin mantenimiento\" class=\"wp-image-2334\" title=\"Madera para exterior sin mantenimiento\" srcset=\"https:\/\/www.tarimadeck.com\/blog\/wp-content\/uploads\/Madera-para-exterior-sin-mantenimiento-600x447.jpg 600w, https:\/\/www.tarimadeck.com\/blog\/wp-content\/uploads\/Madera-para-exterior-sin-mantenimiento-300x223.jpg 300w, https:\/\/www.tarimadeck.com\/blog\/wp-content\/uploads\/Madera-para-exterior-sin-mantenimiento-624x465.jpg 624w, https:\/\/www.tarimadeck.com\/blog\/wp-content\/uploads\/Madera-para-exterior-sin-mantenimiento.jpg 940w\" sizes=\"auto, (max-width: 600px) 100vw, 600px\" \/><figcaption class=\"wp-element-caption\">&#8211;<\/figcaption><\/figure><\/div>\n\n\n<h3 class=\"wp-block-heading\"><\/h3>\n\n\n\n<p class=\"has-text-align-center\">Para cualquier consulta de nuestros servicios o para solicitar presupuestos puedes ponerte en contacto con nosotros a trav\u00e9s del mail o telef\u00f3nicamente<\/p>\n\n\n\n<blockquote class=\"wp-block-quote is-layout-flow wp-block-quote-is-layout-flow\">\n<p class=\"has-text-align-center\"><a href=\"mailto:antoniodevereda@gmail.com\">antoniodevereda@gmail.com<\/a><\/p>\n\n\n\n<p class=\"has-text-align-center\">Telef\u00f3nicamente a trav\u00e9s del 680 341 745<\/p>\n\n\n\n<p class=\"has-text-align-center\">Estaremos encantados de asesorarte en lo que desees<\/p>\n<\/blockquote>\n","protected":false},"excerpt":{"rendered":"<p>Tarimadeck importa tarima de exterior sint\u00e9tica desde 2008, La Tarima de exterior WPC (de sus siglas en ingl\u00e9s, Wood Plastic Composite) es un material t\u00e9cnico e innovador compuesto por fibras naturales de madera recuperadas , pol\u00edmeros reciclados de alta calidad y un porcentaje de agentes acoplantes y estabilizantes. Nuestra\u00a0tarima sintetica de exterior\u00a0no se agrieta ni&hellip;&nbsp;<a href=\"https:\/\/www.tarimadeck.com\/blog\/tarima-de-exterior-sintetica\" class=\"\" rel=\"bookmark\">Leer m\u00e1s &raquo;<span class=\"screen-reader-text\">Tarima de exterior sintetica<\/span><\/a><\/p>\n","protected":false},"author":2,"featured_media":0,"parent":0,"menu_order":0,"comment_status":"closed","ping_status":"closed","template":"","meta":{"neve_meta_sidebar":"","neve_meta_container":"","neve_meta_enable_content_width":"","neve_meta_content_width":0,"neve_meta_title_alignment":"","neve_meta_author_avatar":"","neve_post_elements_order":"","neve_meta_disable_header":"","neve_meta_disable_footer":"","neve_meta_disable_title":"","footnotes":""},"class_list":["post-2401","page","type-page","status-publish","hentry"],"aioseo_notices":[],"_links":{"self":[{"href":"https:\/\/www.tarimadeck.com\/blog\/wp-json\/wp\/v2\/pages\/2401","targetHints":{"allow":["GET"]}}],"collection":[{"href":"https:\/\/www.tarimadeck.com\/blog\/wp-json\/wp\/v2\/pages"}],"about":[{"href":"https:\/\/www.tarimadeck.com\/blog\/wp-json\/wp\/v2\/types\/page"}],"author":[{"embeddable":true,"href":"https:\/\/www.tarimadeck.com\/blog\/wp-json\/wp\/v2\/users\/2"}],"replies":[{"embeddable":true,"href":"https:\/\/www.tarimadeck.com\/blog\/wp-json\/wp\/v2\/comments?post=2401"}],"version-history":[{"count":2,"href":"https:\/\/www.tarimadeck.com\/blog\/wp-json\/wp\/v2\/pages\/2401\/revisions"}],"predecessor-version":[{"id":4003,"href":"https:\/\/www.tarimadeck.com\/blog\/wp-json\/wp\/v2\/pages\/2401\/revisions\/4003"}],"wp:attachment":[{"href":"https:\/\/www.tarimadeck.com\/blog\/wp-json\/wp\/v2\/media?parent=2401"}],"curies":[{"name":"wp","href":"https:\/\/api.w.org\/{rel}","templated":true}]}}